*h**3 - h**2 - 4. Let k(t) be the first derivative of r(t). Determine k(3).
-8
Let m(j) = 5*j**2 + 13*j + 5. Let o(s) = -11*s**2 - 27*s - 11. Let r(u) = 13*m(u) + 6*o(u). What is r(7)?
-1
Let k = 5 - 11. Let t(a) = -11*a**3 - 21*a**2 - 7*a + 4. Let c(g) = 7*g**3 + 14*g**2 + 5*g - 3. Let y(i) = -8*c(i) - 5*t(i). Give y(k).
-2
Let p(z) = 18*z**2 - 2*z + 1. Let n = -55 - -56. Determine p(n).
17
Let u(m) = 1. Let k(h) = -2*h - 11. Let q(v) = k(v) - 2*u(v). Determine q(-10).
7
Let o be (1/(-2))/((-1)/2). Let h(r) be the first derivative of -r - 1 + 1/2*r**2. Calculate h(o).
0
Suppose -1 = -4*a + 3. Let w(f) = -3*f**2 - 9*f - 1. Let d(r) = r**2 + r + 1. Let s(i) = a*w(i) + 4*d(i). Calculate s(4).
-1
Let d(n) = 8*n**2. Let q be -2 + 6 - (0 + 0). Let c be 2/q + (-1)/(-2). Give d(c).
8
Let y(q) be the second derivative of -q**5/20 - q**4/4 + 4*q**3/3 + 3*q**2/2 - 2*q - 35. What is y(-5)?
13
Let n(j) be the first derivative of -2*j**2 + 7*j + 8. What is n(5)?
-13
Let h(a) = -a**2 + a + 6. Let t = -8 - -7. Let y be (-2 - -2)/(t + 2). Give h(y).
6
Let u(d) = -d**3 - d**2 - d. Let o(i) = 20*i**3 + 5*i**2 + 6*i. Let t(r) = o(r) + 6*u(r). Calculate t(1).
13
Let p be (-4)/(-28) - (-2)/(-14). Let c(j) = -j - 2. What is c(p)?
-2
Suppose -3*s + 4*r = -10, 4*r + 22 = -s - 2*s. Let k(m) be the first derivative of -m**4/4 - m**3/3 + 2*m + 17. Determine k(s).
6
Let x(n) = 2*n**2 - 3*n - 4. Let r be x(3). Let w(p) = 0*p**3 + p**3 + r*p**2 - 5 + 0. Calculate w(-5).
-5
Let j = -4 + 1. Let u(i) = -3*i - 10. Let v(r) = 1. Let p be 12/(4 + (1 - 3)). Let z(t) = p*v(t) + u(t). Give z(j).
5
Let q(i) = -i - 2. Let t = -2 + 4. Let l be 5/(-2)*(t + 4). Let h be (2/(-5))/((-1)/l). What is q(h)?
4
Let r(c) = -4*c + 3. Let w(s) = 2*s + 3. Let l be w(-3). Let q be l/(-18) - 11/(-6). Give r(q).
-5
Let j = -24 - -42. Suppose 0 = 2*d - 2*o + 6, 0*d + j = -d + 4*o. Let r(z) = -1 + 2 + 2*z**3 - z**3. What is r(d)?
9
Let j = -14 - -17. Let i(n) be the third derivative of -n**4/24 - n**3/3 + n**2. Determine i(j).
-5
Let v = -2 + 0. Let k(j) = -j - 1. Let s(d) = 7*d + 8. Let u = 2 + -3. Let x(o) = u*s(o) - 5*k(o). Calculate x(v).
1
Let z(n) be the first derivative of -n**3/3 + 3*n**2/2 - 3*n + 1. Suppose g - 3*g - r = -11, -4*r = -4. Determine z(g).
-13
Let u be (-8)/4*1 - -2. Let g(x) = x**3 - x**2 + x + 4. Calculate g(u).
4
Let b(p) = 5*p**2 - 9*p + 10. Let r(l) = 4*l**2 - 8*l + 9. Let s(i) = -5*b(i) + 6*r(i). Give s(-5).
-6
Let i(d) = 4 + 1 - 8 - d**2 + 9*d. Determine i(7).
11
Let r = 4 - 6. Let k(w) = -w + 12 - 2*w**2 - 12 - w**3. Let q be k(r). Let c(b) = b**3 - b**2 + b + 1. What is c(q)?
7
Suppose w = 2*w - 3*d - 14, d = -4. Let i(p) be the first derivative of -p**4/4 + 4*p**3/3 - p**2 - 2*p + 3. Let z be i(w). Let l(v) = -3*v - 1. Determine l(z).
-7
Let d(z) = -7*z + 4. Let n(y) = -6*y + 3. Let v(w) = 3*d(w) - 4*n(w). Give v(-2).
-6
Let n(f) be the first derivative of f**5/20 + 5*f**4/12 + f**3 + 2*f**2 - 2*f + 2. Let p(u) be the first derivative of n(u). Calculate p(-4).
-4
Suppose -2 = -3*z - 4*n, -2*z - 5*n + 1 = z. Suppose 6*g - z*g = 8. Suppose -g*h = h + 9. Let p(c) = c**2. Calculate p(h).
9
Suppose y + 5*n - 17 + 0 = 0, -4*y = -5*n + 7. Let f(c) = 7 + 2*c - y - c + 3. Determine f(0).
8
Let s(q) = 1. Let r(z) = -2*z - 12. Let y(c) = r(c) + 10*s(c). Suppose 0 = -6*x + x + 20. Let t be (x + (-2)/1)/(-1). Calculate y(t).
2
Let t(c) = -2*c + 21. Let m be t(10). Let l(f) = -f + 1. Give l(m).
0
Let z(i) = -i**3 - i - 6. Suppose -5*h = n - 6, 4*n + 3*h - 14 = 10. Suppose -4*v + n = -2. Suppose c - 3*x = 2*x - 10, -x = -v. Give z(c).
-6
Let q(c) = 2*c + 6. Let h be q(-3). Let f(p) = -p - 3 + 4 + 0*p**2 - 2*p**2 + h. Determine f(-2).
-5
Let g(t) be the first derivative of -t**3/3 + t**2 + 7*t - 2. Suppose 0 = 3*l - 17 + 2. Suppose -4*r - 5*h + l = 0, -2*r + 3*r - 14 = 3*h. Give g(r).
-8
Let c = -18 + 12. Let d(g) be the third derivative of g**5/60 + g**4/4 - g**3/3 + 13*g**2. What is d(c)?
-2
Let k(i) be the third derivative of -i**4/24 - 2*i**3/3 + i**2. Suppose -m - 2*l = -5*l + 7, -m = -5*l + 9. Give k(m).
0
Let g(d) be the first derivative of 1/3*d**3 - 1/24*d**5 + 0*d - 1/24*d**4 - 1/360*d**6 + 1 + 0*d**2. Let q(x) be the third derivative of g(x). What is q(-5)?
-1
Let z be (-210)/(-55) - 2/(-11). Let r = -4 - -6. Let c(h) = 3*h**r + 4*h - h**3 - z*h**2 + 0*h**2. What is c(-3)?
6
Let j(c) = 4*c**2 + 9*c - 5. Let p(f) = -3*f**2 - 8*f + 5. Let n(t) = -4*j(t) - 5*p(t). What is n(6)?
-17
Let g(i) be the second derivative of -i**7/840 + i**6/72 - i**5/60 - 5*i**3/6 - 3*i. Let v(y) be the second derivative of g(y). Calculate v(5).
-10
Let t(f) = 2 + f - f - f + 4. Let k be (-44)/(-8) + 3/6. What is t(k)?
0
Suppose 7*i = 3*i + 36. Let k = 5 - 2. Suppose -i - k = -4*s. Let a(c) = -c + 3. Determine a(s).
0
Let r(z) = z**2 + 5*z - 2. Let q(i) = -i**2 + 7*i - 5. Suppose -3*f + 22 = t, -2*f - 1 = 2*t - 25. Let x be q(t). Give r(x).
-2
Let v(f) = f**2 + 2*f - 15. Let t be v(4). Let b(p) = -p**2 + 7*p + 13. Calculate b(t).
-5
Let f(j) = -4*j + 4*j**2 + 5 - 6 - j**3 + 3. What is f(4)?
-14
Let t(c) = -c**3 - 5*c**2 - 6. Let z(n) = 5*n + 1. Let b be z(-2). Let a = b - -15. Let x = a - 11. Give t(x).
-6
Let l(r) = -14*r + 26. Let y(p) = 5*p - 9. Let d(g) = -3*l(g) - 8*y(g). Give d(4).
2
Let m(p) = -p**3 + 10*p**2 + 6. Let s be m(10). Let t(y) = -y + 10. Determine t(s).
4
Let v(z) = z + 5. Let j be v(-11). Let f(u) = u + 3. Give f(j).
-3
Let o = 23 + -43. Let z = o - -14. Let u = 8 + z. Let y(q) = q**2 - 2*q + 1. Calculate y(u).
1
Let f(w) = w + 2. Let b be f(5). Let q(t) = b*t - 4*t - 2*t. What is q(3)?
3
Let w be (-2)/3*-3 + 1. Suppose w*l - 30 = -2*l. Let p(v) = v**3 + v. Let o(c) = 5*c**3 - 7*c**2 + 9*c + 7. Let j(u) = -o(u) + 4*p(u). Calculate j(l).
-1
Let x(g) = -7*g**3 + g**2 + g - 1. Let c be x(1). Let d(a) = -a**3 - 7*a**2 - 3*a + 4. What is d(c)?
-14
Suppose 2*n - 10 = 4*n. Let z(m) = m**2 + 6*m + 1. Let s be z(n). Let l(k) = 2*k - 2. What is l(s)?
-10
Let z(s) = s**3 - 1. Let m(y) = -3*y**3 + 5*y**2 + 2*y + 4. Suppose -4*x = -4*r + 4, -3*x = -5*x + 3*r - 4. Let c(q) = x*m(q) + 4*z(q). Determine c(-5).
-10
Suppose 5*o - a + 35 = -6*a, 2*o = -5*a - 8. Let r(i) = 3*i + 4. Let c(y) = -13*y - 17. Let u(z) = o*r(z) - 2*c(z). Determine u(0).
-2
Suppose -4*s + 0*s - 22 = -2*v, -1 = -v - 3*s. Let b(c) = c**2 - 6*c - 5. Let t be b(v). Let u(x) = -x**2 - 3*x + 3. Determine u(t).
-7
Let a be (2/3)/(2/9). Suppose 13 = -5*f + 33. Let j(m) = -m**a - 2 + m**3 - f + 5*m**2 + m**3. What is j(-5)?
-6
Let t(c) = c**2 + 11*c. Let v(h) = 5*h. Let x(q) = -4*t(q) + 9*v(q). Let j(n) = n**3 + 17*n**2 - 5*n. Let u(f) = -2*j(f) - 9*x(f). Determine u(-1).
3
Let u(v) be the third derivative of v**5/120 + v**4/12 + v**3/6 - v**2. Let a(g) be the first derivative of u(g). Determine a(5).
7
Let t be 1 + (-2)/(-2) + 1. Let o = 5 - t. Let m(b) = b**2 - 2*b**o - 4*b - b**3 + 7*b - 4. What is m(-3)?
5
Let u(t) = t**3 - 6*t**2 - 6*t + 9. Let s be u(6). Let f be 4/3*s/(-6). Suppose 0 = j - f*j. Let l(w) = w + 3. Give l(j).
3
Let p = 31 - 32. Let a(v) = 4*v**3 + 2*v**2 + 2*v + 1. What is a(p)?
-3
Let i(h) = -4*h - 1 + 3*h + 0*h + 5*h**3 - h**2. Give i(-1).
-6
Let q(t) = -2*t + 24. Let w be q(10). Let y(i) = -2*i**2 + 6*i - 2. Give y(w).
-10
Let q be 10 + 0/(4/2). Let c = -6 + q. Let i(z) be the first derivative of z**4/4 - z**3 - 3*z**2/2 + 3*z + 1. Determine i(c).
7
Let z(j) be the first derivative of j**2/2 + 6*j - 14. Let s = -12 + 7. Give z(s).
1
Let s(o) = -o**3 + 4*o**2 + 5*o - 6. Let y(l) = -2*l - 15. Let x be y(-10). Let v be s(x). Let r(q) = 1 + q**3 + 4*q + 8*q**2 - 1 - q**2 - 6. Determine r(v).
6
Let a(o) be the first derivative of o**2 + 1/4*o**4 - 2 - 4*o + 5/3*o**3. Give a(-4).
4
Let i(h) = -h**3 - 3*h**2 + 4*h - 2. Suppose -3*r - 9 = 6. Let q(t) be the second derivative of t**3/6 + t**2/2 - 2*t. Let a be q(r). Determine i(a).
-2
Let a(k) = -6*k**2 + 1 + 7*k**2 - 2 - 4*k - 3. Give a(4).
-4
Let p(w) = -w**3 + 5*w**2 - 4*w + 7. Suppose -46*f = -45*f - 5. Determine p(f).
-13
Let i = 7 - 2. Suppose -30 = -i*s + 5*l, -l + 2*l = -1. Let g(m) = -5 + m**2 + 9*m - 2*m - 2*m**2. Give g(s).
5
Let x(f) be the third derivative of 0*f**4 + 1/5*f**5 + 0 + 0*f**3 + 6*f**2 + 0*f. Give x(-1).
12
Let j(k) be the first derivati